3))/((-2)/(-12)). What is the greatest common divisor of h and b?
4
Suppose 2 = y - 1. What is the highest common factor of 3 and y?
3
Suppose -3*o + 29 = -4. Calculate the highest common divisor of 11 and o.
11
Suppose -6*v + 4*v = -10. Let i be 2 - (v - 3 - 2). Let m = 19 + 3. Calculate the greatest common divisor of m and i.
2
Suppose -8*u = -2 - 14. Calculate the highest common factor of 5 and u.
1
Suppose 2 = u - 0*u. Let w(f) = -f**3 + 3*f**2 - f. Let v be w(u). What is the highest common factor of 2 and v?
2
Suppose -r = 2*r - 6. Let w be (-4 - -2) + (7 - 3). What is the greatest common divisor of w and r?
2
Let m = -51 + 66. Calculate the greatest common factor of m and 15.
15
Suppose 4*l = -5*a + 280, -2*l + 240 = 2*l - 5*a. Calculate the highest common divisor of 5 and l.
5
Suppose 3*v + 132 = 4*m, v = -m - 2*m + 99. Let l = -3 - -6. What is the greatest common divisor of l and m?
3
Let z be -1 + 1/((-3)/(-3)). Suppose 3*b - 147 = -z*b. Suppose 35 = 5*x - 5*v, -28 = -4*x - 2*v + v. What is the highest common divisor of x and b?
7
Let o(m) = -m**3 + 4*m**2 - 3*m. Let x be o(2). Suppose -a = 2, l - a = -2*l + 8. Suppose l*v - v = 3. Calculate the greatest common factor of x and v.
1
Let t be (-6)/(-8) + 1/4. Let b(r) = -1 + 3*r**2 - r - 2 + t. Let q be b(-2). Calculate the highest common factor of q and 132.
12
Let g be (6/9)/(4/30). Let a = 10 + g. Calculate the greatest common divisor of a and 105.
15
Let i(q) = q**2 + 5*q - 3. Let o be i(-10). Let b = o + 65. What is the highest common factor of b and 14?
14
Let d(b) = b**2 - 3*b - 7. Suppose 0 = 4*m + 4*r - 12, 0*m = -m + 4*r + 13. Let q be d(m). Calculate the highest common factor of 27 and q.
3
Suppose -3*c - 2*q + 17 = 0, -5*c + 4*q + 70 = -q. Calculate the greatest common factor of 63 and c.
9
Let h = -9 - -12. Suppose 5*p + 5*o - 25 = 0, -h*p + 5 = -p + 3*o. Calculate the greatest common divisor of 110 and p.
10
Let l(a) = -a**2 - 11*a + 5. Let z be l(-7). What is the highest common factor of z and 99?
33
Let a be (13/2)/(1 - (-1)/(-2)). What is the highest common factor of 104 and a?
13
Let p(x) = x**3 - 3. Let g be p(3). Suppose -5*f + 16 = -g. Let w = 16 - 12. What is the highest common divisor of f and w?
4
Let j = -21 + 57. What is the greatest common divisor of 4 and j?
4
Let z be (-6)/((-28)/5 - -5). What is the greatest common factor of z and 20?
10
Let p(z) = -z**2 + 6. Let b be p(0). Let u be 2/4 - 92/(-8). Suppose -2*x = 5*o - u, 0 = 2*x + 3*o - 0*o - 12. What is the highest common factor of b and x?
6
Let t(m) = 4*m**2 - m + 4. Let v be t(4). What is the greatest common divisor of 8 and v?
8
Suppose 2*f = -s + 4*s - 18, f = s - 6. Let a be (s/(-5))/((-3)/20). What is the greatest common factor of a and 16?
8
Let h be (-754)/6 + 2/(-6). Let x = h - -181. Suppose -3*v - v + 32 = -3*m, -3 = v + 2*m. What is the highest common divisor of v and x?
5
Let z be (1 + -34)*(-3)/9. What is the highest common factor of 77 and z?
11
Let k be (-86)/(-3) + 9/(27/(-2)). Calculate the greatest common divisor of 8 and k.
4
Let w be (-1)/(-4) - 1/4. Suppose t - 7 - 78 = w. Calculate the highest common factor of 17 and t.
17
Let d be (-14)/(-105) - 746/(-30). Calculate the highest common factor of 25 and d.
25
Suppose 2*s + s - 5*q - 160 = 0, -5*s = -4*q - 271. Calculate the highest common divisor of s and 11.
11
Suppose 0 = -2*d - 112 + 322. Calculate the highest common factor of 42 and d.
21
Suppose 2*z + 13 + 5 = 4*p, -z = -5. Suppose 2*d + d = 3, -x + d = 0. Calculate the highest common factor of x and p.
1
Suppose 0 = -m + 2*h - h + 10, -h = -2*m + 18. Suppose 22 = 2*w - 2. Let p = -8 + w. Calculate the greatest common divisor of p and m.
4
Let a = 20 - 10. Let h = -32 - -42. What is the highest common divisor of h and a?
10
Let b be (-3)/(-12) - (-183)/4. Let m = 68 - b. What is the highest common divisor of m and 33?
11
Let o be (54/4)/((-2)/(-4)). Suppose -3*x - 3*z + o = -6*z, 10 = x - 2*z. Let b be (1/(-3))/((-3)/36). What is the greatest common divisor of x and b?
4
Suppose -3*t + 5*t = 8. Let r = 28 - 25. Suppose 0 = -a + t*m + 80, -r*m + 0*m = -12. Calculate the greatest common factor of a and 12.
12
Let t = 49 + -25. What is the highest common divisor of 6 and t?
6
Let w(f) = -2*f**3 - 2*f**2 + 1. Let d(n) = n + 5. Let i be d(-7). Let k be w(i). Calculate the greatest common factor of 81 and k.
9
Suppose -5*z - 1 = -41. Suppose -5*b - 5*c + 365 = 0, -356 = -5*b - c + 5*c. Calculate the highest common factor of b and z.
8
Suppose -5*v + 157 = -18. Let s be 0 + (-4 - -2) + v. Calculate the greatest common divisor of s and 22.
11
Let d be ((-36)/10)/((-8)/20). Suppose k + d = 21. Calculate the highest common divisor of 36 and k.
12
Let a(k) = -k**2 + 13*k + 9. Let j be a(13). Calculate the greatest common divisor of j and 18.
9
Suppose -2 - 2 = -4*j. Let v = 13 - j. What is the highest common divisor of v and 4?
4
Suppose l + 23 + 62 = 3*z, -4 = l. What is the greatest common divisor of z and 18?
9
Let u = -106 - -118. Let s(x) = -x + 36. Let o be s(0). Calculate the highest common factor of o and u.
12
Let v be (-8 - -14)*(5 + 2/1). Let y be (3 - (-2 - -1)) + 2. What is the highest common factor of v and y?
6
Let l(p) = p**2 + 6*p + 7. Let h be l(-5). What is the highest common divisor of 14 and h?
2
Let c be (-1 - 1)/(-2)*12. Suppose -24 = -4*w + c. What is the greatest common divisor of w and 81?
9
Suppose 0 = -2*p + 6*p - 112. What is the greatest common factor of 7 and p?
7
Let o(n) = -n**3 + 17*n**2 - 14*n - 15. Let s be o(16). Calculate the greatest common divisor of s and 17.
17
Suppose 4*y - 2*y - 68 = 0. What is the greatest common divisor of y and 34?
34
Let j(g) = g**2 - 3*g + 4. Let u be j(3). Suppose -b - 3 = 0, u*b + 11 + 151 = 5*n. Calculate the highest common factor of n and 6.
6
Suppose 3*g = 6*g + 3*f + 312, -2*g = -f + 193. Let y = g + 169. Calculate the highest common factor of y and 10.
10
Let g be 4 - (-13 - 3) - 6. What is the greatest common factor of g and 4?
2
Let v(i) = -i + 9. Let a be v(7). What is the greatest common divisor of 3 and a?
1
Let k = 65 + -26. Let t(h) = 0*h + 0*h - 14*h**3 + h. Let l be t(-1). What is the highest common factor of k and l?
13
Let m(g) = g**2 - g - 6. Let h be m(6). Let t(f) = -f**2 - f - 1. Let y be t(-2). Let l be (-9)/(-2)*(-2)/y. Calculate the greatest common divisor of l and h.
3
Let c = 372 - 241. Suppose p = -2, -4*v + c = 4*p + 35. Calculate the highest common factor of v and 234.
26
Let k be (-4)/(-6)*693/3. What is the highest common factor of k and 14?
14
Suppose -5*x = -4*x - 5. What is the greatest common divisor of x and 35?
5
Let h be 1/(1 - (-3)/(-4)). Calculate the greatest common divisor of 20 and h.
4
Let l(f) = -f**2 + 9*f - 6. Let t be l(6). Let b = -4 + 6. Suppose b*i + 2*i = 384. Calculate the highest common factor of i and t.
12
Let p(y) = y**3 - 2*y**2 - 2*y - 3. Let i be p(3). Suppose 5*s - 5 = -i. Suppose -x + 3 = -4. What is the highest common divisor of s and x?
1
Let n(c) = c**3 + c - 3*c**2 + 10 + 3*c**2. Let p(r) = -r**2 + 7*r. Let v be p(7). Let s be n(v). Calculate the greatest common divisor of s and 25.
5
Suppose 0*v - 99 = -5*q + 2*v, v = 2*q - 40. Let t(g) = 9*g + 2. Let n be t(4). Calculate the greatest common factor of n and q.
19
Let p = -3 + 19. What is the greatest common factor of 2 and p?
2
Suppose -2*f + 5*v = 1 - 2, 4*f - 14 = -2*v. Suppose -5*m + 8*l = f*l - 530, 2*l - 103 = -m. Calculate the highest common factor of m and 15.
15
Let i = -24 + 27. What is the highest common factor of i and 3?
3
Let o = -94 + 284. What is the highest common divisor of o and 10?
10
Let r = 7 + -3. Suppose 51 - 3 = r*i. Let n be 18/(-30) - (-46)/10. Calculate the greatest common factor of i and n.
4
Let t = 10 + -9. Let y(o) = 8*o**2 - 1. Let w be y(t). Calculate the greatest common divisor of 56 and w.
7
Let g be -38*(-1)/(2/1). Calculate the greatest common factor of 19 and g.
19
Let v(i) = -i + 2*i**2 + 0*i**2 + i**3 + 0*i**2. Let a be v(1). Suppose -3*o = -1 - a. What is the greatest common factor of 9 and o?
1
Suppose -7*c + 8*c = 62. What is the highest common factor of c and 155?
31
Suppose 3*l - 8 = -l. Suppose -l*v - 3*v + 165 = 0. Suppose 0 = 3*r + k - 7, 2*r + k = 5*k + 1